{"id":764,"date":"2021-10-29T11:28:43","date_gmt":"2021-10-29T16:28:43","guid":{"rendered":"https:\/\/martharuiz-acuarelista.com\/test\/?page_id=764"},"modified":"2022-05-14T09:53:37","modified_gmt":"2022-05-14T14:53:37","slug":"postales","status":"publish","type":"page","link":"https:\/\/martharuiz-acuarelista.com\/test\/postales\/","title":{"rendered":"Postales"},"content":{"rendered":"[vc_row full_width=\u00bbstretch_row\u00bb curly_bg_repeat=\u00bbbg-no-repeat\u00bb curly_bg_position=\u00bbbg-pos-center-bottom\u00bb curly_padding=\u00bbcontent-padding-xs\u00bb css=\u00bb.vc_custom_1626794426289{padding-top: 10% !important;background-color: #f5f5f5 !important;background-position: center !important;background-repeat: no-repeat !important;background-size: cover !important;}\u00bb][vc_column width=\u00bb1\/2&#8243;][vc_column_text]\n<h1 class=\"display-1\" style=\"color: #bf9e5e; font-size: 64px;\">Postales<\/h1>\n[\/vc_column_text][vc_empty_space height=\u00bb\u00bb el_class=\u00bbxtd-spacer&#8211;lg\u00bb][vc_column_text]<span style=\"font-size: 20px;\">Impresas en papel esmaltado de 150 g a color<br \/>\nTama\u00f1o: 11 x 14 cm<br \/>\nLas im\u00e1genes son reproducciones de la mayor\u00eda de las obras expuestas<\/span>[\/vc_column_text][vc_column_text css=\u00bb.vc_custom_1652540013693{padding-top: 10% !important;padding-bottom: 10% !important;}\u00bb]<span style=\"font-size: 20px; color: #b89d4f;\">Unidad $10.000\u00a0COP\u00a0 <i class=\"fa fa-shopping-bag\" style=\"color: #b89d4f;\" aria-hidden=\"true\"><\/i><\/span>\u00a0 \u00a0<span style=\"font-size: 18px; color: #000000;\"><a href=\"https:\/\/martharuiz-acuarelista.com\/test\/postales-checkuot\/\">Adquirir<\/a><\/span><br \/>\n<span style=\"font-size: 20px; color: #b89d4f;\">Juego X 4 $25.000\u00a0COP\u00a0 <i class=\"fa fa-shopping-bag\" style=\"color: #b89d4f;\" aria-hidden=\"true\"><\/i><\/span>\u00a0 \u00a0<span style=\"font-size: 18px; color: #000000;\"><a href=\"https:\/\/martharuiz-acuarelista.com\/test\/postales-checkuot\/\">Adquirir<\/a><\/span><br \/>\n<span style=\"font-size: 20px; color: #b89d4f;\">Juego X 6 $30.000\u00a0COP\u00a0 <i class=\"fa fa-shopping-bag\" style=\"color: #b89d4f;\" aria-hidden=\"true\"><\/i><\/span>\u00a0 \u00a0<span style=\"font-size: 18px; color: #000000;\"><a href=\"https:\/\/martharuiz-acuarelista.com\/test\/postales-checkuot\/\">Adquirir<\/a><\/span>[\/vc_column_text][\/vc_column][vc_column width=\u00bb5\/12&#8243; offset=\u00bbvc_col-sm-offset-1&#8243;][vc_single_image image=\u00bb1386&#8243; img_size=\u00bblarge\u00bb style=\u00bbxtd-shadow&#8211;normal-normal\u00bb el_class=\u00bbxtd-offset-frame\u00bb][vc_single_image image=\u00bb1387&#8243; img_size=\u00bblarge\u00bb style=\u00bbxtd-shadow&#8211;normal-normal\u00bb el_class=\u00bbxtd-offset-frame\u00bb][\/vc_column][\/vc_row][vc_row][vc_column][vc_empty_space height=\u00bb2px\u00bb][\/vc_column][\/vc_row]\n","protected":false},"excerpt":{"rendered":"<p>[vc_row full_width=\u00bbstretch_row\u00bb curly_bg_repeat=\u00bbbg-no-repeat\u00bb curly_bg_position=\u00bbbg-pos-center-bottom\u00bb curly_padding=\u00bbcontent-padding-xs\u00bb css=\u00bb.vc_custom_1626794426289{padding-top: 10% !important;background-color: #f5f5f5 !important;background-position: center !important;background-repeat: no-repeat !important;background-size: cover !important;}\u00bb][vc_column width=\u00bb1\/2&#8243;][vc_column_text] Postales [\/vc_column_text][vc_empty_space height=\u00bb\u00bb el_class=\u00bbxtd-spacer&#8211;lg\u00bb][vc_column_text]Impresas en papel esmaltado de 150 g a color Tama\u00f1o: 11 x 14 cm Las im\u00e1genes son reproducciones de la mayor\u00eda de las obras expuestas[\/vc_column_text][vc_column_text css=\u00bb.vc_custom_1652540013693{padding-top: 10% !important;padding-bottom: 10% !important;}\u00bb]Unidad $10.000\u00a0COP\u00a0 \u00a0 \u00a0Adquirir Juego X 4 $25.000\u00a0COP\u00a0 \u00a0 \u00a0Adquirir Juego [&hellip;]<\/p>\n","protected":false},"author":1,"featured_media":0,"parent":0,"menu_order":5,"comment_status":"closed","ping_status":"closed","template":"","meta":{"footnotes":""},"class_list":["post-764","page","type-page","status-publish","hentry"],"_links":{"self":[{"href":"https:\/\/martharuiz-acuarelista.com\/test\/wp-json\/wp\/v2\/pages\/764","targetHints":{"allow":["GET"]}}],"collection":[{"href":"https:\/\/martharuiz-acuarelista.com\/test\/wp-json\/wp\/v2\/pages"}],"about":[{"href":"https:\/\/martharuiz-acuarelista.com\/test\/wp-json\/wp\/v2\/types\/page"}],"author":[{"embeddable":true,"href":"https:\/\/martharuiz-acuarelista.com\/test\/wp-json\/wp\/v2\/users\/1"}],"replies":[{"embeddable":true,"href":"https:\/\/martharuiz-acuarelista.com\/test\/wp-json\/wp\/v2\/comments?post=764"}],"version-history":[{"count":5,"href":"https:\/\/martharuiz-acuarelista.com\/test\/wp-json\/wp\/v2\/pages\/764\/revisions"}],"predecessor-version":[{"id":1542,"href":"https:\/\/martharuiz-acuarelista.com\/test\/wp-json\/wp\/v2\/pages\/764\/revisions\/1542"}],"wp:attachment":[{"href":"https:\/\/martharuiz-acuarelista.com\/test\/wp-json\/wp\/v2\/media?parent=764"}],"curies":[{"name":"wp","href":"https:\/\/api.w.org\/{rel}","templated":true}]}}