{"id":713,"date":"2021-10-28T11:53:05","date_gmt":"2021-10-28T16:53:05","guid":{"rendered":"https:\/\/martharuiz-acuarelista.com\/test\/about-us-2\/"},"modified":"2022-07-08T08:10:30","modified_gmt":"2022-07-08T13:10:30","slug":"about-us-2","status":"publish","type":"page","link":"https:\/\/martharuiz-acuarelista.com\/test\/about-us-2\/","title":{"rendered":"Biograf\u00eda"},"content":{"rendered":"[vc_row full_width=\u00bbstretch_row\u00bb content_placement=\u00bbtop\u00bb curly_bg_repeat=\u00bbbg-no-repeat\u00bb curly_bg_position=\u00bbbg-pos-center-bottom\u00bb curly_padding=\u00bbcontent-padding-lg\u00bb css=\u00bb.vc_custom_1652748693812{padding-top: 15% !important;padding-bottom: 30px !important;background-color: #f5f5f5 !important;background-position: center !important;background-repeat: no-repeat !important;background-size: cover !important;}\u00bb][vc_column width=\u00bb5\/12&#8243; offset=\u00bbvc_col-sm-offset-1&#8243;][vc_single_image image=\u00bb1366&#8243; img_size=\u00bblarge\u00bb style=\u00bbxtd-shadow&#8211;normal-normal\u00bb el_class=\u00bbxtd-offset-frame\u00bb][\/vc_column][vc_column width=\u00bb1\/2&#8243;][vc_column_text]\n<h2><span style=\"color: #ab9437; font-size: 48px;\">Martha Isabel Ruiz Due\u00f1as<\/span><\/h2>\n[\/vc_column_text][vc_column_text]<span style=\"font-weight: 400; font-size: 20px;\"><em>\u201cTodo lo que sucede en torno a la vida, influye en la obra que materializamos, marca los sue\u00f1os. Aunque no tenemos el control absoluto, vemos c\u00f3mo vamos andando inconscientemente en la direcci\u00f3n acertada, con altos y bajos, con retos que obligan a las decisiones; el destino sigue el rumbo, \u00bfc\u00f3mo y a d\u00f3nde? En el momento no se sabe, pero al cabo del tiempo tenemos respuesta, llegamos a donde quer\u00edamos llegar.\u201d<\/em><\/span>[\/vc_column_text][\/vc_column][\/vc_row][vc_row full_width=\u00bbstretch_row\u00bb content_placement=\u00bbtop\u00bb curly_bg_repeat=\u00bbbg-no-repeat\u00bb curly_bg_position=\u00bbbg-pos-center-bottom\u00bb curly_padding=\u00bbcontent-padding-lg\u00bb css=\u00bb.vc_custom_1652748666340{background-color: #f5f5f5 !important;background-position: center !important;background-repeat: no-repeat !important;background-size: cover !important;}\u00bb][vc_column width=\u00bb1\/2&#8243;][vc_column_text]<span style=\"font-weight: 400; font-size: 18px;\">Desde muy temprana edad descubr\u00ed mi fascinaci\u00f3n por el dibujo, se convirti\u00f3 en una constante en mi vida escolar, universitaria y profesional. Fue precisamente en la facultad de arquitectura que conect\u00e9 con la acuarela y con el anhelo de convertirme en profesional de esta t\u00e9cnica. Paralelo a mi actividad laboral como arquitecta y editora, explor\u00e9 el mundo de la ilustraci\u00f3n y la gr\u00e1fica impresa. Tuve la oportunidad de conocer y vincularme al taller del maestro chino Song Xinru, a quien admiro y agradezco su influencia para sumergirme en el apasionante mundo del color y la magia con el agua.<\/span><\/p>\n<p><span style=\"font-weight: 400; font-size: 18px;\">La naturaleza ha sido la inspiraci\u00f3n principal de mi obra. De ni\u00f1a goc\u00e9 estar inmersa en el campo por cortos periodos los que marcaron el derrotero de mi vida. Pas\u00e9 la mayor parte en Bogot\u00e1 desempe\u00f1\u00e1ndome como empresaria editorial, a los 57 a\u00f1os pude realizar el sue\u00f1o de vivir en provincia, logrado en el hermoso pueblo de Barichara; desde entonces vivo mi pasi\u00f3n, pintar en acuarela. Puedo definir el estilo de mi obra como figurativo, influenciado quiz\u00e1s por la ilustraci\u00f3n realista que realic\u00e9 para publicidad y para editoriales. Me atraen los espacios comunes en que habitamos, intento plasmar el sentimiento con que desarrollamos las actividades cotidianas, trato de percibir el sentir humano. Es innegable c\u00f3mo la escuela de arquitectura ha influido en el desarrollo de la obra, me inspira el misterio de los espacios y los detalles que los ocupan.<\/span><\/p>\n<p><span style=\"font-weight: 400; font-size: 18px;\">He encontrado sabidur\u00eda en personas que han contribuido a dar forma al prop\u00f3sito, mis mentores, la se\u00f1ora curadora de arte Zenaida Acevedo quien con su apasionado altruismo ubic\u00f3 mi obra en galer\u00eda; y al maestro pintor y acad\u00e9mico Edilberto Sierra por su valiosa cr\u00edtica y aporte conceptual.<\/span><\/p>\n<p><span style=\"font-weight: 400; font-size: 18px;\">En la actualidad imparto talleres presenciales de la t\u00e9cnica de acuarela, en mi estudio ubicado en la monta\u00f1a, lo que ha sido una experiencia de aprendizaje muy valiosa. Materializo la experticia editorial y de impresos con mis pinturas, public\u00e1ndolas en agendas, libretas de notas y postales cuyos motivos son reproducciones de mi obra.<\/span><\/p>\n<p><span style=\"font-weight: 400; font-size: 18px;\">\u00a1Aspiro poder concretar la expresi\u00f3n de la obra con este sentir profundo que me mueve para pintar y sentirme viva!<\/span>[\/vc_column_text][\/vc_column][vc_column width=\u00bb5\/12&#8243; offset=\u00bbvc_col-sm-offset-1&#8243;][vc_single_image image=\u00bb1420&#8243; img_size=\u00bblarge\u00bb style=\u00bbxtd-shadow&#8211;normal-normal\u00bb el_class=\u00bbxtd-offset-frame\u00bb][\/vc_column][\/vc_row][vc_row css=\u00bb.vc_custom_1657285817609{padding-bottom: 0px !important;}\u00bb][vc_column][vc_column_text css=\u00bb.vc_custom_1652206049190{margin-top: 0px !important;margin-bottom: 0px !important;border-top-width: 0px !important;border-bottom-width: 0px !important;padding-top: 0px !important;padding-bottom: 0px !important;}\u00bb]\n<h3 style=\"text-align: center;\">Sobre el color<\/h3>\n[\/vc_column_text][vc_separator css=\u00bb.vc_custom_1652206033405{margin-top: 0px !important;margin-bottom: 0px !important;border-top-width: 0px !important;border-bottom-width: 0px !important;padding-top: 0px !important;padding-bottom: 0px !important;}\u00bb][\/vc_column][\/vc_row][vc_row][vc_column css=\u00bb.vc_custom_1652574217490{margin-top: 0px !important;margin-bottom: 0px !important;padding-top: 0px !important;padding-bottom: 0px !important;}\u00bb][vc_column_text css=\u00bb.vc_custom_1652574341900{margin-bottom: 20px !important;}\u00bb]\n<h4 class=\"western\" align=\"center\"><span style=\"color: #ab9437;\"><span style=\"font-family: Arial, serif;\">PERCEPCIONES DEL ESPACIO LUM\u00cdNICO SOLAR EN LA OBRA ACUAREL\u00cdSTICA DE<\/span><\/span><\/h4>\n<h2 class=\"western\" align=\"center\">MARTHA ISABEL RUIZ DUE\u00d1AS<\/h2>\n[\/vc_column_text][vc_row_inner css=\u00bb.vc_custom_1652574192865{margin-top: 0px !important;margin-bottom: 0px !important;padding-top: 0px !important;padding-bottom: 0px !important;}\u00bb][vc_column_inner css=\u00bb.vc_custom_1652574355826{margin-left: 50% !important;border-left-width: 1px !important;padding-right: 6px !important;border-left-color: #bf9e5e !important;border-left-style: solid !important;}\u00bb][vc_column_text css=\u00bb.vc_custom_1652574172700{margin-top: 0px !important;margin-bottom: 0px !important;padding-top: 0px !important;padding-bottom: 0px !important;}\u00bb]\n<p style=\"font-size: 30px; color: #ffffff;\">I<\/p>\n[\/vc_column_text][\/vc_column_inner][\/vc_row_inner][\/vc_column][\/vc_row][vc_row full_width=\u00bbstretch_row\u00bb content_placement=\u00bbtop\u00bb curly_bg_repeat=\u00bbbg-no-repeat\u00bb curly_bg_position=\u00bbbg-pos-center-bottom\u00bb curly_padding=\u00bbcontent-padding-lg\u00bb css=\u00bb.vc_custom_1652534829024{margin-bottom: 0px !important;padding-bottom: 0px !important;background-color: #f5f5f5 !important;background-position: center !important;background-repeat: no-repeat !important;background-size: cover !important;}\u00bb][vc_column width=\u00bb1\/2&#8243;][vc_column_text]<strong>Palabras clave:<\/strong> culturas solares, miradas otras, luminosidad y espectro lum\u00ednico, deconstrucci\u00f3n, decolonialidad, poiesis, carta de color, sistema mudo, culturalidad.<\/p>\n<h4>Presentaci\u00f3n.<\/h4>\n<p><span style=\"font-size: 16px; letter-spacing: 0.4px;\">En este ensayo sobre una de las t\u00e9cnicas y g\u00e9neros de la diversidad pictogr\u00e1fica desde hace siglos a trav\u00e9s de la propuesta pict\u00f3rica de la arquitecta Martha Isabel, consagrada desde hace algunos a\u00f1os a explorar e indagar en una t\u00e9cnica que requiere de sensibilidades crom\u00e1ticas bastante elaboradas y de una gran exigencia en el oficio de los pigmentos acuarelados para alcanzar la impecabilidad en las ejecuciones pl\u00e1sticas, en los temas por ella propuestos; como la arquitectura en entornos diferentes a la ciudad, de all\u00ed la importancia del paisaje rural, de espacios abiertos y contrastados con los interiores y exteriores de recintos cerrados, encontramos muy bien solucionados los ambientes elaborados en su obra, la figura humana tratada en los retratos y los temas de la cotidianeidad, donde est\u00e1 inmersa. Su eco entorno est\u00e1 repleto de simbolog\u00edas y alusiones al ser, son de car\u00e1cter psicol\u00f3gico, tanto en la figuraci\u00f3n como en paisajes de su actual residencia como es Barichara, \u201cel pueblo m\u00e1s bello de Colombia\u201d en el departamento de Santander del Sur.<\/span><\/p>\n<h4>Aproximaciones desde el lenguaje t\u00e9cnico de la acuarela.<\/h4>\n<p><span style=\"font-size: 16px; letter-spacing: 0.4px;\">Llamo el color <em>lum\u00ednico<\/em> solar a una circunstancia de contexto y de topograf\u00eda. Al estar ubicados en la cordillera oriental, regi\u00f3n y sistema monta\u00f1oso de este pa\u00eds y en la capa tect\u00f3nica m\u00e1s alta del planeta, condici\u00f3n que denota y explica por qu\u00e9 los matices y colores terciarios son de un brillo y exuberancia alta, de un timbre y biorr\u00edtmica particular, muy amplio en los matices, en las gamas que produce el espectro lum\u00ednico del pigmento en la paleta de la artista.<br \/>\nEl recurso crom\u00e1tico se consolida en la infinidad de aplicaciones para transformar y receptar la espacialidad y trasparencias provocadas por las cantidades de agua, que nos permiten el control de la luz sobre el papel blanco quien opera como \u201cm\u00e9dium\u201d, de all\u00ed la raz\u00f3n y cualidad de los papeles en fibra de algod\u00f3n, inventados en la China, cultura asi\u00e1tica milenaria, cuya t\u00e9cnica fue tomada y esparcida por el sistema mundo occidental, \u00c1frica, Asia, Am\u00e9rica. Son culturas solares por la altitud sobre el nivel del mar y de las capas tect\u00f3nicas en el globo terr\u00e1queo, el sistema monta\u00f1oso, y predominio de uno de los cuatro elementos, agua (\u00c1frica), aire (Am\u00e9rica), fuego (Asia), tierra (Europa), condici\u00f3n natural que permite miradas otras lum\u00ednicas (desde la luz solar, implica la inclusi\u00f3n de las dem\u00e1s formas de ver, por supuesto tambi\u00e9n la mirada occidental, ahora lo \u00fanico o universal del sistema mundo euroc\u00e9ntrico, entiendo las culturalidades como sistemas y en condici\u00f3n de la Posmodernidad) de colores ricos y plet\u00f3ricos de la luz solar, de all\u00ed la riqueza crom\u00e1tica en las expresiones propias de nuestra culturas milenarias.<br \/>\nNuestros colores naturales tambi\u00e9n tienen una vital importancia fisiol\u00f3gica, bioqu\u00edmica; las sensaciones y pulsaciones t\u00edmbricas obedecen a unas caracter\u00edsticas gen\u00e9ticas, el h\u00edgado como regulador de las emociones nos ayuda y permite el control de los tonos, los matices y las oxidaciones en la gama de los terciarios, esta variedad crom\u00e1tica de nuestras culturas originarias, connotan una categor\u00eda en la creaci\u00f3n de los tejidos, de los textiles y fibras de algod\u00f3n, c\u00e1\u00f1amo y fique, fabricadas con una planta end\u00e9mica de la regi\u00f3n cordillerana.<br \/>\nEl fen\u00f3meno de la luz solar y su aplicaci\u00f3n en esta milenaria t\u00e9cnica implica una bioqu\u00edmica desde la retina, los conos y bastoncillos en el globo ocular nos permiten filtrar la luz solar como la organol\u00e9ptica del ojo.<br \/>\nDe all\u00ed el colorido exuberante, c\u00e1lido; el cual no es ense\u00f1ado sino aprehendido, ya viene en nuestra gen\u00e9tica, al igual que la comida, las m\u00fasicas y las danzas, estas cartograf\u00edas in situ nos caracterizan, vivimos en el goce del territorio, del jolgorio transmutado, transcultural y diverso.<br \/>\nDe lo anterior se reafirma la riqueza propia de la carta de colores, hecha para embadurnar las tristezas del cuerpo y del alma, frente a las adversidades de la vida, (poi\u00e9tica) dignificadas por la luz.<br \/>\nEcolog\u00edas lum\u00ednicas de los matices: verdes, amarillos, rojos naranjas, fucsias, lilas y azules tropicales; es la riqueza crom\u00e1tica, muy nuestra, propia del lugar de las geograf\u00edas o cartograf\u00edas de nuestras regiones, pa\u00eds, continente.<br \/>\nDesde estas pr\u00e1cticas socioculturales se referencian nuevos espacios de enunciaci\u00f3n para resignificar, resimbolizar nuestras expresiones est\u00e9tico-art\u00edsticas.<br \/>\nLa obra presentada aqu\u00ed en la t\u00e9cnica milenaria de la Acuarela, los constructos filos\u00f3ficos e interiores, sus disquisiciones pl\u00e1sticas, su propuesta, tienen como finalidad la b\u00fasqueda de la luz, la expresi\u00f3n innata, la calidez inmanente desde su interioridad, la fluidez de su ser frente al blanco papel y pigmentos acuosos.<\/span>[\/vc_column_text][\/vc_column][vc_column width=\u00bb5\/12&#8243; offset=\u00bbvc_col-sm-offset-1&#8243;][vc_single_image image=\u00bb1334&#8243; img_size=\u00bblarge\u00bb style=\u00bbxtd-shadow&#8211;normal-normal\u00bb el_class=\u00bbxtd-offset-frame\u00bb][vc_separator css=\u00bb.vc_custom_1635514710218{padding-top: 10% !important;padding-bottom: 10% !important;}\u00bb][vc_single_image image=\u00bb1432&#8243; img_size=\u00bbfull\u00bb style=\u00bbxtd-shadow&#8211;normal-normal\u00bb el_class=\u00bbxtd-offset-frame\u00bb][\/vc_column][\/vc_row][vc_row full_width=\u00bbstretch_row\u00bb content_placement=\u00bbtop\u00bb curly_bg_repeat=\u00bbbg-no-repeat\u00bb curly_bg_position=\u00bbbg-pos-center-bottom\u00bb curly_padding=\u00bbcontent-padding-lg\u00bb css=\u00bb.vc_custom_1652534847256{padding-top: 40px !important;background-color: #f5f5f5 !important;background-position: center !important;background-repeat: no-repeat !important;background-size: cover !important;}\u00bb][vc_column width=\u00bb5\/12&#8243; offset=\u00bbvc_col-sm-offset-1&#8243;][vc_single_image image=\u00bb1342&#8243; img_size=\u00bbfull\u00bb style=\u00bbxtd-shadow&#8211;normal-normal\u00bb el_class=\u00bbxtd-offset-frame\u00bb][vc_separator css=\u00bb.vc_custom_1635514733061{padding-top: 10% !important;padding-bottom: 10% !important;}\u00bb][vc_single_image image=\u00bb1321&#8243; img_size=\u00bbfull\u00bb style=\u00bbxtd-shadow&#8211;normal-normal\u00bb el_class=\u00bbxtd-offset-frame\u00bb][\/vc_column][vc_column width=\u00bb1\/2&#8243;][vc_column_text]<span style=\"font-size: 16px; letter-spacing: 0.4px;\">A continuaci\u00f3n, describiremos dichas acciones creativas para ilustrar a quienes se interesen por tan bella t\u00e9cnica de la expresi\u00f3n pl\u00e1stica, la cual nos permite proyectarnos tanto en la teor\u00eda del color como de sus pr\u00e1cticas est\u00e9tico-art\u00edsticas a trav\u00e9s de la did\u00e1ctica de las artes visuales, en el ejercicio de la ense\u00f1anza-aprendizaje que la artista realiza en su taller como formadora y educadora en las artes visuales en su terru\u00f1o y que son un gran aporte para nuestro pa\u00eds.<br \/>\nAhora las improntas de iniciaci\u00f3n en la t\u00e9cnica de la Acuarela teniendo como objetivo el dise\u00f1o y composici\u00f3n, derivados de la arquitectura, disciplina fundante de las artes pl\u00e1sticas y visuales desde el Renacimiento, ampl\u00edan el campo est\u00e9tico-pl\u00e1stico de Martha Ru\u00edz (arquitecta y paisajista), la aplicaci\u00f3n de los conceptos y did\u00e1cticas (el saber hacer) y de la gradaci\u00f3n tonal de los colores m\u00e1s la identificaci\u00f3n de la t\u00e9cnica como son los conceptos fundamentales la gradaci\u00f3n, la temperatura, la transparencia, la saturaci\u00f3n y oxidaci\u00f3n, en las cartas de color: primarios, secundarios terciarios, cuaternarios; las clave son la transparencia, saturaci\u00f3n, temperatura, ritmo, frecuencia y oxidaci\u00f3n, la aplicaci\u00f3n del concepto de colores s\u00f3lidos o planos, contrastaci\u00f3n por complementarios y por opuestos, vibraciones lum\u00ednico solares en la teor\u00eda del color deconstruido (La deconstrucci\u00f3n implica en las corrientes de pensamiento emergente el poner in situ las percepciones de la luz en los espacios abiertos de las culturas solares, y la comprobaci\u00f3n de un espectro lum\u00ednico de mayor receptibilidad de la luz solar en pigmentaciones de m\u00e1s brillo, interpelando las teor\u00edas occidentales del claro oscuro, o esfumato, propios del Renacimiento) en la b\u00fasqueda del espectro lum\u00ednico solar de Indoam\u00e9rica.<\/span><\/p>\n<h4>El color latinoamericano<\/h4>\n<p><span style=\"font-size: 16px; letter-spacing: 0.4px;\">Las construcciones lum\u00ednico solares son particularmente nuestras culturalidades, tienen una hol\u00edstica, se elaboran desde las fenolog\u00edas alqu\u00edmicas los enlaces de los \u00e1tomos o la ausencia de uno de estos componentes como neutrones o protones, en el enlace f\u00edsico-qu\u00edmico los que producen los colores en el espectro lum\u00ednico.<br \/>\nNos reafirmamos reiteradamente en la geograf\u00eda, en las capas tect\u00f3nicas como las m\u00e1s altas del globo terr\u00e1queo en comparaci\u00f3n a los dem\u00e1s continentes; condici\u00f3n natural que incide en las visiones \u00f3pticas perceptuales y de la retina que tienen que ver con la regulaci\u00f3n y fisiolog\u00eda del h\u00edgado, de all\u00ed la elaboraci\u00f3n y filtro del ojo para la carta amplia de los \u00f3xidos, ocres, caf\u00e9s, sienas y luminosidad m\u00e1s el cromatismo en el espectro solar; hacen que desde nuestro contexto sea un color alegre, festivo y carnavalesco, los tejidos de las diversas culturas vivas del continente como son las culturas indoamericanas aunados a los sincretismos, las mezclas africanas, asi\u00e1ticas y anglosajonas, en el rico crisol intercultural y multi\u00e9tnico, hacen que tengamos una paleta rica, vibrante, cargada de vida y goce, de tonos altos, diferentes al cromatismo occidental.<br \/>\nLa propuesta est\u00e9tico-pl\u00e1stica y visual de Martha Isabel es de intereses muy particulares, como representaciones \u00fanicas, de un sello personal en la ejecuci\u00f3n t\u00e9cnica, hasta el planteamiento de conceptos socio culturales y poi\u00e9ticos (La fascinaci\u00f3n del pensar en la creaci\u00f3n como proceso y forma de conocimiento y de una l\u00fadicra, la poes\u00eda, por ejemplo, por la expresi\u00f3n del color por la vida) in situ, son lucidos con una coherencia \u00e9tica est\u00e9tica, n\u00edtidas y claras particularidades ya enunciadas aqu\u00ed; las formas otras, las mim\u00e9ticas y sensibles, la manera de percibir el eco-entorno a lo largo y ancho de las cartograf\u00edas ya caminadas, recorridas una y otra vez, nos dejan habitar sus espacios; sus atm\u00f3sferas, seguir su vuelo en el paso de la luz solar en el tiempo. Indoam\u00e9rica en la rueda del tiempo solar, somos medio d\u00eda, percepci\u00f3n, vibraci\u00f3n, ritmo, movimiento, transparencia. Clara armon\u00eda cosmog\u00f3nica y biorritmica.<br \/>\n\u00a1Vitalidad de la luz para combatir la sombra!<\/span><\/p>\n<p>Desde la po\u00e9tica pl\u00e1stica de Martha Ruiz.[\/vc_column_text][vc_column_text]\n<hr \/>\n<p>. Sierra Rodr\u00edguez, Edilberto:(de) colonialidad de las teor\u00edas del color y contextos otros, 2017, Bogot\u00e1.<\/p>\n<p><em><strong>Edilberto Sierra Rodr\u00edguez:<\/strong><\/em><br \/>\n<strong>Artista Pl\u00e1stico, Mag\u00edster en Docencia, Universidad de la Salle.<\/strong><br \/>\n<strong>Investigador en Teor\u00edas y Pr\u00e1cticas Est\u00e9tico\u2013Art\u00edsticas.<\/strong>[\/vc_column_text][\/vc_column][\/vc_row]\n","protected":false},"excerpt":{"rendered":"<p>[vc_row full_width=\u00bbstretch_row\u00bb content_placement=\u00bbtop\u00bb curly_bg_repeat=\u00bbbg-no-repeat\u00bb curly_bg_position=\u00bbbg-pos-center-bottom\u00bb curly_padding=\u00bbcontent-padding-lg\u00bb css=\u00bb.vc_custom_1652748693812{padding-top: 15% !important;padding-bottom: 30px !important;background-color: #f5f5f5 !important;background-position: center !important;background-repeat: no-repeat !important;background-size: cover !important;}\u00bb][vc_column width=\u00bb5\/12&#8243; offset=\u00bbvc_col-sm-offset-1&#8243;][vc_single_image image=\u00bb1366&#8243; img_size=\u00bblarge\u00bb style=\u00bbxtd-shadow&#8211;normal-normal\u00bb el_class=\u00bbxtd-offset-frame\u00bb][\/vc_column][vc_column width=\u00bb1\/2&#8243;][vc_column_text] Martha Isabel Ruiz Due\u00f1as [\/vc_column_text][vc_column_text]\u201cTodo lo que sucede en torno a la vida, influye en la obra que materializamos, marca los sue\u00f1os. Aunque no tenemos el control absoluto, vemos c\u00f3mo vamos andando inconscientemente en [&hellip;]<\/p>\n","protected":false},"author":1,"featured_media":0,"parent":0,"menu_order":2,"comment_status":"closed","ping_status":"closed","template":"","meta":{"footnotes":""},"class_list":["post-713","page","type-page","status-publish","hentry"],"_links":{"self":[{"href":"https:\/\/martharuiz-acuarelista.com\/test\/wp-json\/wp\/v2\/pages\/713","targetHints":{"allow":["GET"]}}],"collection":[{"href":"https:\/\/martharuiz-acuarelista.com\/test\/wp-json\/wp\/v2\/pages"}],"about":[{"href":"https:\/\/martharuiz-acuarelista.com\/test\/wp-json\/wp\/v2\/types\/page"}],"author":[{"embeddable":true,"href":"https:\/\/martharuiz-acuarelista.com\/test\/wp-json\/wp\/v2\/users\/1"}],"replies":[{"embeddable":true,"href":"https:\/\/martharuiz-acuarelista.com\/test\/wp-json\/wp\/v2\/comments?post=713"}],"version-history":[{"count":27,"href":"https:\/\/martharuiz-acuarelista.com\/test\/wp-json\/wp\/v2\/pages\/713\/revisions"}],"predecessor-version":[{"id":1581,"href":"https:\/\/martharuiz-acuarelista.com\/test\/wp-json\/wp\/v2\/pages\/713\/revisions\/1581"}],"wp:attachment":[{"href":"https:\/\/martharuiz-acuarelista.com\/test\/wp-json\/wp\/v2\/media?parent=713"}],"curies":[{"name":"wp","href":"https:\/\/api.w.org\/{rel}","templated":true}]}}